 0) + 3.
-1
What is (2 - -127) + (-46 + 10 - (-55 - -38))?
110
What is -53 + 1 - (23 - 20) - (6 + -13)?
-48
What is 9 + -53 + (-198 - -242) + 0 + -147 + 2?
-145
What is 2 + -1 + (51 + (-7 - 62) - (2 + -9))?
-10
Calculate -5 + -13 + (18 - 8 - -9) + -51 + 0.
-50
Evaluate (4 - (-21 - -1)) + -48 + 21.
-3
-95 - -162 - (-6 - -49)
24
1 - -59 - (-2 - -3) - (20018 + -20012)
53
Calculate 55 - (9 + (6 - 1) + 5).
36
-2 + -12 + -11 + 8 + (9 - 25)
-33
Calculate 37 + 5 - 13 - (-7 + 5).
31
20 - (67 - -11 - (18 - -1))
-39
Evaluate (-6 - (-8 - -4) - -7) + (30 - 27).
8
What is the value of 8 + (7 - 8 - 15) - -7 - -56?
55
What is 41 + 10 + -66 + 24?
9
(-21 - 4) + 0 + -28 + 37 - (1 + 114)
-131
Calculate -85 + 2 - 1 - (-43 - 83 - -129).
-87
Calculate -52 + (6 - -10) - -99.
63
(9 - -16 - -13 - 121) + (0 - (3 - 4))
-82
What is 2 + (1 - -48) + (-42 + 53 - -4) + -24?
42
What is (-8 - -1) + -346 + 349 - -38 - 16?
18
10 + -26 + (-3 - 3) + -18
-40
22 - ((24 - -21) + -17) - -3
-3
Calculate -14 + (1 - 0) - (-166 + 171 + -19).
1
What is -14 - (18 + -56 + 14) - 2?
8
What is 12 - (-13 - -10 - 6 - 10) - (-2 - -2)?
31
7 + (-1 + 10 + 8 - 38)
-14
What is the value of -120 + (53 - (41 - 18)) + -45?
-135
What is the value of 2 + (56 - 4) + 17 + -1 + -11?
59
58 - (0 - (24 + -71)) - (23 - (-1 - -1))
-12
What is the value of 7 - (-64 - (-192 + 64))?
-57
(8 + 0 - ((-6 - 18) + -26)) + (-18 - -15)
55
What is 4 + (21 + (3 - 39) - -28)?
17
Calculate -3 + (757 - 709 - (112 - -1) - (0 - -5)).
-73
What is the value of ((9 - 9) + -13 - -10) + 2 + 5?
4
What is 1 + 0 - (140 - 147) - 34 - 5?
-31
Evaluate -80 + -2 + (-16 - -82).
-16
Calculate 29 - (-34 - -98 - 114).
79
What is the value of (20 - 13) + (-1 - 100 - (228 + -237))?
-85
(-166 - -108 - -70) + (-9 - (2 - 1))
2
What is -9 + (-19 - ((11 - -19) + -7))?
-51
What is the value of -58 - 0 - (226 + 20 - 261)?
-43
What is 2 - 4 - -22 - (0 + -1 - (1 + 2))?
24
(170 - (-7 + 25)) + -104
48
Calculate (1205 - 1257) + 2 + 51.
1
What is the value of (-26 - ((38 - 6) + -45)) + (-61 - 3)?
-77
Evaluate (28 - -1 - 32) + 55 + -8.
44
Evaluate (-7 - (-13 + 7)) + -11 + 25 + -4.
9
-102 + 5 - (-353 + 305) - (1 - 4)
-46
Evaluate 93 + (-208 - -128) + (0 - -13).
26
Evaluate 71 + -59 + (7 - (-2 + 5)) + 2.
18
Calculate -58 - (-7 + (-33 - (-30 + 25))).
-23
Calculate (56 + 0 + -50 - (-2 + 0 + 2)) + -42.
-36
What is (24 - 18) + (-4 - (-1 + 6)) + 13 - 121?
-111
125 + 0 - (9729 - 9739) - (-1 + 1)
135
Evaluate (-42 - 10) + 54 + (2 - -4 - 0).
8
What is the value of (-143 - -74) + 149 + -156?
-76
(-5 - -23) + 15 + -13 + 32
52
What is the value of -44 + (-1 + -21 - (247 - 283))?
-30
-101 + 35 + 7 - -76
17
Calculate (9 - 3) + (-96 - -18) + (-1 - 7) + -7.
-87
Calculate (11 - 2) + (-47 + 100 - 53).
9
Calculate -11 + (23 - (27 + 19)) + (4 - 2).
-32
What is the value of 102 - 88 - (-5 + 35)?
-16
Evaluate -1 - (19 - 124) - (6 + -22 + -6).
126
What is (0 - (3 + (1 - ((7 - 7) + -7)))) + 75?
64
What is the value of -50 - (-3 + 3 + -9 - (-2 - -6))?
-37
Evaluate 81 + -154 + 82 - (20 - 2).
-9
What is -5 - (-5 + 71) - (-41 + 79 - 42)?
-67
What is the value of (0 - 5) + 29 - (159 - 7 - -17)?
-145
17 - 9 - 3 - (135 + -119)
-11
Calculate -22 + (8 - 0 - -3) + (16 - 3) + -3.
-1
Calculate -10 + (29 - (-14 - (2 + -11 - -2))).
26
What is -1 + (45 - -5 - 15) - 20?
14
What is the value of -763 - -665 - (-60 + 2)?
-40
Evaluate 404 + 556 + -902 + (15 - -1) + 0.
74
What is the value of -186 + -41 + 72 - -88?
-67
What is 0 - 22 - (2181 - 2171)?
-32
What is 5238 - 5362 - (1 - 137)?
12
What is the value of (64 - (27 - -44)) + (-1 - 1) + 1 + 11?
3
What is (2 - (7 - (-6 - -4))) + (41 - -19)?
53
(-23 - 1) + (8 - 5) + (46 - 42)
-17
(-134 - (-20 - -8 - -4 - (17 + -13))) + 6
-116
Calculate (-97 - (-126 - -50)) + (-136 - -5).
-152
Calculate (48 - 4) + -32 + 0 + -1 + 6.
17
What is -8 + (9 - -69) + 28 + (2 - 13) + -3?
84
What is 41 - ((-109 - -120) + (1 - -11)) - 103?
-85
Calculate -1 - (52 + -135) - 147.
-65
Calculate (21 - 57) + 50 + -7.
7
-573 + 589 - (3 + 2 - -3)
8
Evaluate 51 - (10 + (-32 - (-9 + 15 + -14))).
65
What is (-21 - (32 - -4 - 20)) + -10?
-47
Evaluate -8 + (2 - 4) + 8 + (-12 - (-5 - -15)).
-24
Evaluate 0 + 4 - 71 - (-1641 + 1661).
-87
What is (27 + -143 - 19) + 110?
-25
What is the value of 0 + -5 + -2 + 10 + 13 + -7?
9
Calculate -77 - (-70 - 30) - (-9 - 3).
35
What is (27 - 14) + -19 - (-23 + -1 + -4 + 5)?
17
What is the value of -20 + (32 - 16 - 24) - (1 + 2 + -12)?
-19
-13 + (85 - 7) + -94
-29
-13 + 15 + (21 - 17) - 12
-6
38 - -2 - (126 - 112)
26
Calculate 12 + (-27 - -44) + -66.
-37
What is 75 - (-96 + 167) - (0 + (-63 - -1))?
66
Evaluate 40 - (26 - -49 - 43).
8
What is -26 + (19 - 4) - (-24 - 0)?
13
What is -1 + 31 + 2681 + -2643 - (-1 + -19)?
88
What is 11 + (-42 - (24 + (-15 - 13)))?
-27
100 - (39 - (-19 + 12)) - 18
36
(-5 + 6 - (45 - 0)) + 5 + -12
-51
(0 + 12 + 20 - 2) + -179
-149
Evaluate -4 + -8 - -71 - (4 + 2).
53
What is the value of 3 - 52 - (7 - (-25 + 19))?
-62
-59 + -5 + 15 + 44
-5
52 - (9 + 6 + -2 - -9)
30
What is the value of (4549 - 4505) + (-151 - 0)?
-107
What is the value of -8 + (8 + -83 - -140)?
57
What is the value of (-12 + 31 - -5) + 5 + 10?
39
Calculate -17 - (-2 - -5) - (1 + (1 - -3)).
-25
Calculate (-91 - 0) + -24 + (13 + -6 - -29).
-79
-6 + ((-5 - 7) + -10 - 12)
-40
Calculate -3 + -14 + (4 - (3 + (7 - 19))) + -7.
-11
Evaluate (-25 - -35 - 35) + -3 + 22.
-6
Calculate -127 + 55 - -20 - -118.
66
Evaluate 78 - (25 - (-67 - -13)).
-1
What is the value of (16 + -5 - (77 - (-12 + 16))) + 6?
-56
Evaluate 33 - (28 - -29 - 5) - (0 - 46).
27
3 + 7 + -31 + 14 + 16 + -2 - -8
15
What is (59 - 20) + 4 + -72?
-29
What is the value of -110 - 103 - -107 - -134?
28
Calculate ((-1 - 0) + 0 - -15) + (15839 - 15824).
29
Evaluate 30 - (44 + (-30 - -6)) - 20.
-10
Calculate (16 - 18) + 4 - ((5 - 10) + 3 + 11).
-7
40 + (-1 - -75) + (159 - 159)
114
Calculate 4 - (-90 + (-4 - -9) - (-16 - (9 - 37))).
101
(-19 - (-7 - -67) - 1) + -3
-83
(-33 + 45 - 59) + -9
-56
15 - (-35 - ((-10 - -7) + -4)) - -11
54
-44 - (19 - (-130 - -245))
52
Calculate -39 - (-45 + 41) - (-10 + 21).
-46
What is 197 + -122 + -127 - -118?
66
Calculate -4 + 104 + -17 + -5 + (-11 + 21 - 0).
88
Evaluate 3 + 1 + (0 - -18) + (250 - 272).
0
What is the value of -2 + 15 + (15 - 26) + -75 + (10 - 0)?
-63
What is the value of -59 + (13 - -15) + -18 + 19?
-30
-2730 - -2652 - (-62 - 1)
-15
(18 - (74 - 37)) + (0 - 34)
-53
What is 21 - ((720 - 758) + (-1 - 32))?
92
Evaluate 11 - (0 - 0) - ((-56 - -55) + 47 + -108).
73
What is the value of 86 + (38 - (-84 + 172))?
36
Evaluate (-14 - 3) + 2 + 35 + 11 + 0 + 6.
37
Calculate -17 - (-5 - (-2 + -6)) - -14.
-6
What is the value of -4 + -13 + 0 + -34 + -2 + 11?
-42
-50 - (29 + (2 + 12 - 6) + -22)
-65
Evaluate 44 - (-55 + 21 + 90).
-12
-30 + (-26 + 52 - -29)
25
Calculate (24 - (7 - 14)) + 23.
54
-14 + (19 - 19 - 0)
-14
(5 - 0) + (-127 - (38 + 63 + -151))
-72
What is the value of (81 - 100) + -18 + 34?
-3
Calculate 97 - 11 - (264 + -184).
6
26 + (43 - (-6 - 6)) + -19
62
Calculate 1 - (6 + -4 + (-31 - -14 - -12)).
4
Calculate -2 + -27 + 59 + -23 + 12.
19
Evaluate 24 - -1 - 0 - 1 - (-3727 - -3722).
29
What is the value of (2437 - 2388) + -7 + 101 + -4?
139
Calculate -3 - (-122 + (-34 - -2) + 32).
119
What is the value of -1768 + 1767 - (-1 + (0 - -18))?
-18
-105 + -1 + (1536 - 1547 - (0 + 1))
-118
What is the value of 1 - 25 - 7 - (-18 - (-2 - 4))?
-19
Evaluate -5 + 5 + -3 + -29 - (17 - (-14 + 37)).
-26
152 - (2 - (-239 + 82))
-7
Calculate 41 + -37 + -27 + 13 + (1 - 1).
-10
Evaluate (-39 - -38 - 10) + 39.
28
Evaluate (13 - (19 + -1 - (90 - 87))) + 52.
50
What is the value of (-13 + -2 + -1 - (-3366 - -3335)) + 20?
35
What is -10 - -4 - (26 + (1 - 1) + -5)?
-27
21 - (-17 + (-19 - -35))
22
What is the value of -41 + 23 - -150 - 26 - 26?
80
What is -59 + (-7 - (2 + -7)) - (42 + -40)?
-63
Calculate 33 + -27 - 42 - 12.
-48
What is (-1 - -2) + (-6 - 3 - 2) + 7?
-3
Calculate (-19 - -1) + (-33 - (-84 + 37)).
-4
7 + 505 + -456 + 1 + -4 + 3
56
-24 + 4 + (-63 - 38)
-121
(76 - 65) + -24 + -3 + 31 + 24
39
What is the value of -45 - (-3 + (11 - 16) - -3)?
-40
Calculate (-58 - (-1 + 3 + -1 + -3)) + -60815 + 60818.
-53
-1221882 - -1221838 - (-1 + -12 + (1 - 0) + 1)
-33
What is (74 - 203) + 137 + 0 + 0 + -1?
7
Evalua